{"id":1748,"date":"2025-02-20T13:48:50","date_gmt":"2025-02-20T12:48:50","guid":{"rendered":"https:\/\/krsa.pl\/?post_type=product&#038;p=1748"},"modified":"2026-04-10T19:01:59","modified_gmt":"2026-04-10T17:01:59","slug":"sorter-vanriet-przygotowany-do-transportu","status":"publish","type":"product","link":"https:\/\/krsa.pl\/?product=sorter-vanriet-przygotowany-do-transportu","title":{"rendered":"Sorter MHS (VanRiet) przygotowany do transportu (BEZ STANOWISK) PRZETARG 30-04-2026"},"content":{"rendered":"<p class=\"Textbody\">Syndyk sprzeda (cena BRUTTO &#8211; zawiera 23% VAT): <strong>602 700 PLN\u00a0<\/strong><\/p>\n<p class=\"Textbody\"><strong style=\"font-size: 1rem;\">Sorter MHS (VanRiet) &#8211; zdemontowany i przygotowany do transportu (OFERTA BEZ STANOWISK)<\/strong><\/p>\n<p>\u0141\u0105cznie ok. 660mb przeno\u015bnik\u00f3w ta\u015bmowych oraz 60mb linii sortuj\u0105cej. Sorter gotowy do transportu. Przetarg w dniu\u00a0<strong>30.04.2026<\/strong> r. o godzinie 14:00 w Kancelarii Restrukturyzacyjnej Sp. z o.o., ul. Fabryczna 6, 53-609 Wroc\u0142aw. Wadium w kwocie 50.000 z\u0142 nale\u017cy wp\u0142aca\u0107 na rachunek: 06 1930 1190 2220 0274 6320 0001. Oferty oraz wadium nale\u017cy sk\u0142ada\u0107 do 29.04.2026 roku lub osobi\u015bcie na minimum 1 godzin\u0119 przed rozpocz\u0119ciem przetargu.<\/p>\n<p><iframe loading=\"lazy\" title=\"VanRiet z drona\" width=\"525\" height=\"295\" src=\"https:\/\/www.youtube.com\/embed\/DxkgJwNxrHc?feature=oembed\" frameborder=\"0\" allow=\"accelerometer; autoplay; clipboard-write; encrypted-media; gyroscope; picture-in-picture; web-share\" referrerpolicy=\"strict-origin-when-cross-origin\" allowfullscreen><\/iframe><\/p>\n<p>Sorter paczek ecommerce wyprodukowany przez firm\u0119 MHS (Van Riet Material Handling Systems BV). Rozmontowany i<strong> gotowy do transportu<\/strong>.<\/p>\n<p>Na sorter sk\u0142ada si\u0119:<\/p>\n<p>a) jednej linii przeno\u015bnik\u00f3w rolkowych<\/p>\n<p>b) r\u00f3wnolegle do ka\u017cdej linii do wysy\u0142ki (3 linie) i do linii do zwrot\u00f3w (1 linia) biegnie linia (przeno\u015bnik ta\u015bmowy) do usuwania zb\u0119dnych karton\u00f3w (prowadzi na zewn\u0105trz budynku do prasokontenera (nie jest on cz\u0119\u015bci\u0105 og\u0142oszenia)<\/p>\n<p>c) jednej linii zjazd\u00f3w paczek na 46 lokalizacji z zamontowanym skanerem do okre\u015blania wielko\u015bci i ci\u0119\u017caru poszczeg\u00f3lnych paczek<\/p>\n<p>Wydajno\u015bc tego sortera jest okreslona na 6 tysi\u0119cy paczek na godzin\u0119. Do wyceny do\u0142\u0105czono dodatkow\u0105 dokumentacj\u0119 fotograficzn\u0105 obrazuj\u0105c\u0105 stan techniczny wycenianych przedmiot\u00f3w i rzeczy, a tak\u017ce szczeg\u00f3\u0142owe komponenty wycenianego sortera.<\/p>\n<p>Schemat dzia\u0142ania sortera polega na zapakowaniu do wysy\u0142ki i przydzielenia paczki do konkretnej firmy transportowej. Towar zapakowany powinien by\u0107 do pude\u0142ka lub torebki typu polybag. Nast\u0119pnie pracownik skanuje towar i tworzy etykiet\u0119 do pude\u0142ka lub torebki typu polybag. Informacja o pude\u0142ku\/pojemniku jest przez sorter wysy\u0142ana do kontrolera VanRiet. W mi\u0119dzyczasie pude\u0142ko\/pojemnik jest \u0142adowane przez pracownika na lini\u0119 za\u0142adunkow\u0105. Produkty s\u0105 transportowane w d\u00f3\u0142 linii, a nast\u0119pnie \u0142\u0105czone na jednej linii transportowej. Na ko\u0144cu \u0142\u0105czenia skaner z kamer\u0105 identyfikuje produkt, mierzy jego wymiary, a nast\u0119pnie produkt jest sortowany do wyznaczonego wyj\u015bcia (miejsca odbioru paczek gotowych do wys\u0142ania).<\/p>\n<p>Sorter\u00a0 MHS (VanRiet) przystosowany jest do obs\u0142ugi produkt\u00f3w o r\u00f3\u017cnych wymiarach. Obs\u0142uguje kartony o d\u0142ugo\u015bci od 150-800 mm, szerko\u015bci 100-600 mm, wysoko\u015bci 10-400 mm i wadze od 0,25 kg do 32 kg. Torebki foliowe (polybag) o d\u0142ugo\u015bci od 200-550 mm, szerko\u015bci 150-550 mm, wysoko\u015bci 13-400 mm i wadze od 0,25 kg do 10 kg.<\/p>\n<p>Sorter jest w stanie obs\u0142u\u017cy\u0107 do 6000 paczek na godzin\u0119, a wysy\u0142ki s\u0105 dzielone na jeden z 46 kierunk\u00f3w. Ogolny schemat sortera zosta\u0142 zaprezentowany na rysunku poni\u017cej. Linie nr 1-3 to liniie do wysy\u0142yki, a linia nr 4 (dobudowana w 2020 roku) s\u0142u\u017cy do przyjmowania zwrot\u00f3w.<\/p>\n<p><img loading=\"lazy\" decoding=\"async\" class=\"alignnone wp-image-784\" src=\"https:\/\/krsa.pl\/wp-content\/uploads\/2024\/05\/v4-300x300.png\" alt=\"\" width=\"267\" height=\"267\" srcset=\"https:\/\/krsa.pl\/wp-content\/uploads\/2024\/05\/v4-300x300.png 300w, https:\/\/krsa.pl\/wp-content\/uploads\/2024\/05\/v4-150x150.png 150w, https:\/\/krsa.pl\/wp-content\/uploads\/2024\/05\/v4-100x100.png 100w, https:\/\/krsa.pl\/wp-content\/uploads\/2024\/05\/v4-250x250.png 250w, https:\/\/krsa.pl\/wp-content\/uploads\/2024\/05\/v4-350x351.png 350w, https:\/\/krsa.pl\/wp-content\/uploads\/2024\/05\/v4.png 707w\" sizes=\"auto, (max-width: 267px) 100vw, 267px\" \/> <img loading=\"lazy\" decoding=\"async\" class=\"alignnone wp-image-785\" src=\"https:\/\/krsa.pl\/wp-content\/uploads\/2024\/05\/v1-300x229.png\" alt=\"\" width=\"275\" height=\"210\" srcset=\"https:\/\/krsa.pl\/wp-content\/uploads\/2024\/05\/v1-300x229.png 300w, https:\/\/krsa.pl\/wp-content\/uploads\/2024\/05\/v1-768x585.png 768w, https:\/\/krsa.pl\/wp-content\/uploads\/2024\/05\/v1-350x267.png 350w, https:\/\/krsa.pl\/wp-content\/uploads\/2024\/05\/v1.png 987w\" sizes=\"auto, (max-width: 275px) 100vw, 275px\" \/><\/p>\n<p><img loading=\"lazy\" decoding=\"async\" class=\" wp-image-788\" src=\"https:\/\/krsa.pl\/wp-content\/uploads\/2024\/05\/ORD-ecom2-300x169.jpg\" alt=\"\" width=\"725\" height=\"409\" srcset=\"https:\/\/krsa.pl\/wp-content\/uploads\/2024\/05\/ORD-ecom2-300x169.jpg 300w, https:\/\/krsa.pl\/wp-content\/uploads\/2024\/05\/ORD-ecom2-1024x576.jpg 1024w, https:\/\/krsa.pl\/wp-content\/uploads\/2024\/05\/ORD-ecom2-768x432.jpg 768w, https:\/\/krsa.pl\/wp-content\/uploads\/2024\/05\/ORD-ecom2-1536x864.jpg 1536w, https:\/\/krsa.pl\/wp-content\/uploads\/2024\/05\/ORD-ecom2-2048x1152.jpg 2048w, https:\/\/krsa.pl\/wp-content\/uploads\/2024\/05\/ORD-ecom2-350x197.jpg 350w\" sizes=\"auto, (max-width: 725px) 100vw, 725px\" \/><\/p>\n<figure id=\"attachment_1494\" aria-describedby=\"caption-attachment-1494\" style=\"width: 242px\" class=\"wp-caption alignnone\"><img loading=\"lazy\" decoding=\"async\" class=\" wp-image-1494\" src=\"https:\/\/krsa.pl\/wp-content\/uploads\/2024\/12\/20221209_130744-169x300.jpg\" alt=\"\" width=\"242\" height=\"430\" srcset=\"https:\/\/krsa.pl\/wp-content\/uploads\/2024\/12\/20221209_130744-169x300.jpg 169w, https:\/\/krsa.pl\/wp-content\/uploads\/2024\/12\/20221209_130744-576x1024.jpg 576w, https:\/\/krsa.pl\/wp-content\/uploads\/2024\/12\/20221209_130744-768x1365.jpg 768w, https:\/\/krsa.pl\/wp-content\/uploads\/2024\/12\/20221209_130744-864x1536.jpg 864w, https:\/\/krsa.pl\/wp-content\/uploads\/2024\/12\/20221209_130744-1152x2048.jpg 1152w, https:\/\/krsa.pl\/wp-content\/uploads\/2024\/12\/20221209_130744-350x622.jpg 350w, https:\/\/krsa.pl\/wp-content\/uploads\/2024\/12\/20221209_130744-scaled.jpg 1440w\" sizes=\"auto, (max-width: 242px) 100vw, 242px\" \/><figcaption id=\"caption-attachment-1494\" class=\"wp-caption-text\"><img loading=\"lazy\" decoding=\"async\" class=\" wp-image-1492\" style=\"font-weight: bold; font-size: 0.8125rem;\" src=\"https:\/\/krsa.pl\/wp-content\/uploads\/2024\/12\/20221209_130945-169x300.jpg\" alt=\"\" width=\"230\" height=\"408\" srcset=\"https:\/\/krsa.pl\/wp-content\/uploads\/2024\/12\/20221209_130945-169x300.jpg 169w, https:\/\/krsa.pl\/wp-content\/uploads\/2024\/12\/20221209_130945-576x1024.jpg 576w, https:\/\/krsa.pl\/wp-content\/uploads\/2024\/12\/20221209_130945-768x1365.jpg 768w, https:\/\/krsa.pl\/wp-content\/uploads\/2024\/12\/20221209_130945-864x1536.jpg 864w, https:\/\/krsa.pl\/wp-content\/uploads\/2024\/12\/20221209_130945-1152x2048.jpg 1152w, https:\/\/krsa.pl\/wp-content\/uploads\/2024\/12\/20221209_130945-350x622.jpg 350w, https:\/\/krsa.pl\/wp-content\/uploads\/2024\/12\/20221209_130945-scaled.jpg 1440w\" sizes=\"auto, (max-width: 230px) 100vw, 230px\" \/><\/figcaption><\/figure>\n<p><a href=\"https:\/\/krsa.pl\/wp-content\/uploads\/2024\/05\/Ordipol_sorter-VanRiet-2022-09-16.pdf\">Wycena Sorter MHS (VanRiet)<\/a><\/p>\n<p><a href=\"https:\/\/krsa.pl\/?p=2289\">Regulamin 2026.04.30 Sorter Vanriet godz. 14:00<\/a><\/p>\n<p>&nbsp;<\/p>\n","protected":false},"excerpt":{"rendered":"<p>Syndyk sprzeda (cena BRUTTO &#8211; zawiera 23% VAT): 602 700 PLN\u00a0 Sorter MHS (VanRiet) &#8211; zdemontowany i przygotowany do transportu (OFERTA BEZ STANOWISK) \u0141\u0105cznie ok. 660mb przeno\u015bnik\u00f3w ta\u015bmowych oraz 60mb linii sortuj\u0105cej. Sorter gotowy do transportu. Przetarg w dniu\u00a030.04.2026 r. o godzinie 14:00 w Kancelarii Restrukturyzacyjnej Sp. z o.o., ul. Fabryczna 6, 53-609 Wroc\u0142aw. Wadium &hellip; <\/p>\n<p class=\"link-more\"><a href=\"https:\/\/krsa.pl\/?product=sorter-vanriet-przygotowany-do-transportu\" class=\"more-link\">Czytaj dalej<span class=\"screen-reader-text\"> \u201eSorter MHS (VanRiet) przygotowany do transportu (BEZ STANOWISK) PRZETARG 30-04-2026\u201d<\/span><\/a><\/p>\n","protected":false},"featured_media":788,"template":"","meta":[],"product_brand":[],"product_cat":[33,28],"product_tag":[],"class_list":{"0":"post-1748","1":"product","2":"type-product","3":"status-publish","4":"has-post-thumbnail","6":"product_cat-pozostale","7":"product_cat-wyposazenie-magazynu","9":"first","10":"instock","11":"taxable","12":"shipping-taxable","13":"purchasable","14":"product-type-simple"},"jetpack_sharing_enabled":true,"_links":{"self":[{"href":"https:\/\/krsa.pl\/index.php?rest_route=\/wp\/v2\/product\/1748","targetHints":{"allow":["GET"]}}],"collection":[{"href":"https:\/\/krsa.pl\/index.php?rest_route=\/wp\/v2\/product"}],"about":[{"href":"https:\/\/krsa.pl\/index.php?rest_route=\/wp\/v2\/types\/product"}],"wp:featuredmedia":[{"embeddable":true,"href":"https:\/\/krsa.pl\/index.php?rest_route=\/wp\/v2\/media\/788"}],"wp:attachment":[{"href":"https:\/\/krsa.pl\/index.php?rest_route=%2Fwp%2Fv2%2Fmedia&parent=1748"}],"wp:term":[{"taxonomy":"product_brand","embeddable":true,"href":"https:\/\/krsa.pl\/index.php?rest_route=%2Fwp%2Fv2%2Fproduct_brand&post=1748"},{"taxonomy":"product_cat","embeddable":true,"href":"https:\/\/krsa.pl\/index.php?rest_route=%2Fwp%2Fv2%2Fproduct_cat&post=1748"},{"taxonomy":"product_tag","embeddable":true,"href":"https:\/\/krsa.pl\/index.php?rest_route=%2Fwp%2Fv2%2Fproduct_tag&post=1748"}],"curies":[{"name":"wp","href":"https:\/\/api.w.org\/{rel}","templated":true}]}}