{"id":1757,"date":"2025-02-20T13:56:53","date_gmt":"2025-02-20T12:56:53","guid":{"rendered":"https:\/\/krsa.pl\/?post_type=product&#038;p=1757"},"modified":"2026-04-10T18:55:54","modified_gmt":"2026-04-10T16:55:54","slug":"wozek-widlowy-ekx-513-fn408046-poz-7-op","status":"publish","type":"product","link":"https:\/\/krsa.pl\/?product=wozek-widlowy-ekx-513-fn408046-poz-7-op","title":{"rendered":"W\u00f3zek wid\u0142owy EKX 513, FN408046 (poz 7 op) PRZETARG 30-04-2026"},"content":{"rendered":"<p class=\"Textbody\">Syndyk sprzeda (cena BRUTTO &#8211; zawiera 23% VAT): <strong>38 228,40 PLN PRZETARG 30-04-2026<\/strong><\/p>\n<p><strong>Gotowy do transport &#8211;\u00a0<\/strong>w\u00f3zek posiada zdj\u0119ty maszt i jest przygotowany do transportu.<\/p>\n<p>W\u00f3zek wid\u0142owy Jungheinrich EKX513 zosta\u0142 wyprodukowany w 2010 roku (bateria z 2020 roku), numer fabryczny \u015brodka trwa\u0142ego 408046. Ud\u017awig w\u00f3zka: 1,25 tony. Jest to akumulatorowy w\u00f3zek wysokiego sk\u0142adowania z obrotow\u0105 karetk\u0105 wide\u0142. Wysoko\u015b\u0107 podnoszenia do 9 m. Napi\u0119cie akumulatora 80V.<\/p>\n<p>Wadium w kwocie po 3.000,00 nale\u017cy wp\u0142aca\u0107 na rachunek: 06 1930 1190 2220 0274 6320 0001. Oferty nale\u017cy sk\u0142ada\u0107 do 29 kwietnia 2026 r. lub osobi\u015bcie na minimum 1 godzin\u0119 przed rozpocz\u0119ciem przetargu.<\/p>\n<p><img fetchpriority=\"high\" decoding=\"async\" class=\"alignnone size-medium wp-image-533\" src=\"https:\/\/krsa.pl\/wp-content\/uploads\/2024\/03\/IMG_3634-225x300.jpg\" alt=\"\" width=\"225\" height=\"300\" srcset=\"https:\/\/krsa.pl\/wp-content\/uploads\/2024\/03\/IMG_3634-225x300.jpg 225w, https:\/\/krsa.pl\/wp-content\/uploads\/2024\/03\/IMG_3634-350x467.jpg 350w, https:\/\/krsa.pl\/wp-content\/uploads\/2024\/03\/IMG_3634-rotated.jpg 480w\" sizes=\"(max-width: 225px) 100vw, 225px\" \/><\/p>\n<p><img decoding=\"async\" class=\"alignnone size-medium wp-image-534\" src=\"https:\/\/krsa.pl\/wp-content\/uploads\/2024\/03\/IMG_3635-225x300.jpg\" alt=\"\" width=\"225\" height=\"300\" srcset=\"https:\/\/krsa.pl\/wp-content\/uploads\/2024\/03\/IMG_3635-225x300.jpg 225w, https:\/\/krsa.pl\/wp-content\/uploads\/2024\/03\/IMG_3635-350x467.jpg 350w, https:\/\/krsa.pl\/wp-content\/uploads\/2024\/03\/IMG_3635-rotated.jpg 480w\" sizes=\"(max-width: 225px) 100vw, 225px\" \/><\/p>\n<p><img decoding=\"async\" class=\"alignnone size-medium wp-image-1402\" src=\"https:\/\/krsa.pl\/wp-content\/uploads\/2024\/07\/IMG_8839-225x300.jpeg\" alt=\"\" width=\"225\" height=\"300\" srcset=\"https:\/\/krsa.pl\/wp-content\/uploads\/2024\/07\/IMG_8839-225x300.jpeg 225w, https:\/\/krsa.pl\/wp-content\/uploads\/2024\/07\/IMG_8839-768x1024.jpeg 768w, https:\/\/krsa.pl\/wp-content\/uploads\/2024\/07\/IMG_8839-1152x1536.jpeg 1152w, https:\/\/krsa.pl\/wp-content\/uploads\/2024\/07\/IMG_8839-350x467.jpeg 350w, https:\/\/krsa.pl\/wp-content\/uploads\/2024\/07\/IMG_8839.jpeg 1536w\" sizes=\"(max-width: 225px) 100vw, 225px\" \/><\/p>\n<p>zdj\u0119cie po demonta\u017cu, w\u00f3zek jest zabezpieczony na czas magazynowania.<\/p>\n<p><img loading=\"lazy\" decoding=\"async\" class=\"alignnone size-medium wp-image-1403\" style=\"font-size: 1rem;\" src=\"https:\/\/krsa.pl\/wp-content\/uploads\/2024\/07\/IMG_8851-300x225.jpeg\" alt=\"\" width=\"300\" height=\"225\" srcset=\"https:\/\/krsa.pl\/wp-content\/uploads\/2024\/07\/IMG_8851-300x225.jpeg 300w, https:\/\/krsa.pl\/wp-content\/uploads\/2024\/07\/IMG_8851-1024x768.jpeg 1024w, https:\/\/krsa.pl\/wp-content\/uploads\/2024\/07\/IMG_8851-768x576.jpeg 768w, https:\/\/krsa.pl\/wp-content\/uploads\/2024\/07\/IMG_8851-1536x1152.jpeg 1536w, https:\/\/krsa.pl\/wp-content\/uploads\/2024\/07\/IMG_8851-350x263.jpeg 350w, https:\/\/krsa.pl\/wp-content\/uploads\/2024\/07\/IMG_8851.jpeg 2048w\" sizes=\"(max-width: 300px) 100vw, 300px\" \/><\/p>\n<p><img loading=\"lazy\" decoding=\"async\" class=\"alignnone size-medium wp-image-1404\" src=\"https:\/\/krsa.pl\/wp-content\/uploads\/2024\/07\/IMG_7442-225x300.jpg\" alt=\"\" width=\"225\" height=\"300\" srcset=\"https:\/\/krsa.pl\/wp-content\/uploads\/2024\/07\/IMG_7442-225x300.jpg 225w, https:\/\/krsa.pl\/wp-content\/uploads\/2024\/07\/IMG_7442-768x1024.jpg 768w, https:\/\/krsa.pl\/wp-content\/uploads\/2024\/07\/IMG_7442-1152x1536.jpg 1152w, https:\/\/krsa.pl\/wp-content\/uploads\/2024\/07\/IMG_7442-350x467.jpg 350w, https:\/\/krsa.pl\/wp-content\/uploads\/2024\/07\/IMG_7442-rotated.jpg 1512w\" sizes=\"(max-width: 225px) 100vw, 225px\" \/><\/p>\n<p><img loading=\"lazy\" decoding=\"async\" class=\"alignnone size-medium wp-image-1405\" src=\"https:\/\/krsa.pl\/wp-content\/uploads\/2024\/07\/IMG_7441-300x225.jpg\" alt=\"\" width=\"300\" height=\"225\" srcset=\"https:\/\/krsa.pl\/wp-content\/uploads\/2024\/07\/IMG_7441-300x225.jpg 300w, https:\/\/krsa.pl\/wp-content\/uploads\/2024\/07\/IMG_7441-1024x768.jpg 1024w, https:\/\/krsa.pl\/wp-content\/uploads\/2024\/07\/IMG_7441-768x576.jpg 768w, https:\/\/krsa.pl\/wp-content\/uploads\/2024\/07\/IMG_7441-1536x1152.jpg 1536w, https:\/\/krsa.pl\/wp-content\/uploads\/2024\/07\/IMG_7441-350x263.jpg 350w, https:\/\/krsa.pl\/wp-content\/uploads\/2024\/07\/IMG_7441.jpg 2016w\" sizes=\"(max-width: 300px) 100vw, 300px\" \/><\/p>\n","protected":false},"excerpt":{"rendered":"<p>Syndyk sprzeda (cena BRUTTO &#8211; zawiera 23% VAT): 38 228,40 PLN PRZETARG 30-04-2026 Gotowy do transport &#8211;\u00a0w\u00f3zek posiada zdj\u0119ty maszt i jest przygotowany do transportu. W\u00f3zek wid\u0142owy Jungheinrich EKX513 zosta\u0142 wyprodukowany w 2010 roku (bateria z 2020 roku), numer fabryczny \u015brodka trwa\u0142ego 408046. Ud\u017awig w\u00f3zka: 1,25 tony. Jest to akumulatorowy w\u00f3zek wysokiego sk\u0142adowania z obrotow\u0105 &hellip; <\/p>\n<p class=\"link-more\"><a href=\"https:\/\/krsa.pl\/?product=wozek-widlowy-ekx-513-fn408046-poz-7-op\" class=\"more-link\">Czytaj dalej<span class=\"screen-reader-text\"> \u201eW\u00f3zek wid\u0142owy EKX 513, FN408046 (poz 7 op) PRZETARG 30-04-2026\u201d<\/span><\/a><\/p>\n","protected":false},"featured_media":533,"template":"","meta":[],"product_brand":[],"product_cat":[30,28],"product_tag":[],"class_list":{"0":"post-1757","1":"product","2":"type-product","3":"status-publish","4":"has-post-thumbnail","6":"product_cat-pojazdy","7":"product_cat-wyposazenie-magazynu","9":"first","10":"instock","11":"taxable","12":"shipping-taxable","13":"purchasable","14":"product-type-simple"},"jetpack_sharing_enabled":true,"_links":{"self":[{"href":"https:\/\/krsa.pl\/index.php?rest_route=\/wp\/v2\/product\/1757","targetHints":{"allow":["GET"]}}],"collection":[{"href":"https:\/\/krsa.pl\/index.php?rest_route=\/wp\/v2\/product"}],"about":[{"href":"https:\/\/krsa.pl\/index.php?rest_route=\/wp\/v2\/types\/product"}],"wp:featuredmedia":[{"embeddable":true,"href":"https:\/\/krsa.pl\/index.php?rest_route=\/wp\/v2\/media\/533"}],"wp:attachment":[{"href":"https:\/\/krsa.pl\/index.php?rest_route=%2Fwp%2Fv2%2Fmedia&parent=1757"}],"wp:term":[{"taxonomy":"product_brand","embeddable":true,"href":"https:\/\/krsa.pl\/index.php?rest_route=%2Fwp%2Fv2%2Fproduct_brand&post=1757"},{"taxonomy":"product_cat","embeddable":true,"href":"https:\/\/krsa.pl\/index.php?rest_route=%2Fwp%2Fv2%2Fproduct_cat&post=1757"},{"taxonomy":"product_tag","embeddable":true,"href":"https:\/\/krsa.pl\/index.php?rest_route=%2Fwp%2Fv2%2Fproduct_tag&post=1757"}],"curies":[{"name":"wp","href":"https:\/\/api.w.org\/{rel}","templated":true}]}}