{"id":1962,"date":"2025-09-04T15:45:54","date_gmt":"2025-09-04T13:45:54","guid":{"rendered":"https:\/\/krsa.pl\/?post_type=product&#038;p=1962"},"modified":"2026-04-10T18:47:24","modified_gmt":"2026-04-10T16:47:24","slug":"maszyna-do-skladania-kartonow-multi-box-mx-06-07-2006-sn1626-poz-694","status":"publish","type":"product","link":"https:\/\/krsa.pl\/?product=maszyna-do-skladania-kartonow-multi-box-mx-06-07-2006-sn1626-poz-694","title":{"rendered":"PRZETARG 30.04.2026 &#8211; Maszyna do sk\u0142adania karton\u00f3w Multi Box MX 06, 07\/2006, SN1626"},"content":{"rendered":"<p class=\"Textbody\">Syndyk sprzeda (cena BRUTTO &#8211; zawiera 23% VAT):\u00a0 9 225 z\u0142 brutto w formie przetargu dnia 30.04.2026, godzina 12:00:<\/p>\n<p><strong>Gotowa do transportu &#8211; <\/strong>Maszyna do sk\u0142adania karton\u00f3w Multi Box MX 06, 07\/2006, SN1626 jest przygotowana do transportu.<\/p>\n<p>Przetarg w dniu 30.04.2026 r. o godzinie 12:00 w Kancelarii Restrukturyzacyjnej Sp. z o.o., ul. Fabryczna 6, 53-609 Wroc\u0142aw. Wadium w kwocie 3.000,00 z\u0142\u00a0 na rachunek: 06 1930 1190 2220 0274 6320 0001. Oferty oraz wadium nale\u017cy sk\u0142ada\u0107 do 29.04.2026 r. lub osobi\u015bcie na minimum 1 godzin\u0119 przed rozpocz\u0119ciem przetargu.<\/p>\n","protected":false},"excerpt":{"rendered":"<p>Syndyk sprzeda (cena BRUTTO &#8211; zawiera 23% VAT):\u00a0 9 225 z\u0142 brutto w formie przetargu dnia 30.04.2026, godzina 12:00: Gotowa do transportu &#8211; Maszyna do sk\u0142adania karton\u00f3w Multi Box MX 06, 07\/2006, SN1626 jest przygotowana do transportu. Przetarg w dniu 30.04.2026 r. o godzinie 12:00 w Kancelarii Restrukturyzacyjnej Sp. z o.o., ul. Fabryczna 6, 53-609 &hellip; <\/p>\n<p class=\"link-more\"><a href=\"https:\/\/krsa.pl\/?product=maszyna-do-skladania-kartonow-multi-box-mx-06-07-2006-sn1626-poz-694\" class=\"more-link\">Czytaj dalej<span class=\"screen-reader-text\"> \u201ePRZETARG 30.04.2026 &#8211; Maszyna do sk\u0142adania karton\u00f3w Multi Box MX 06, 07\/2006, SN1626\u201d<\/span><\/a><\/p>\n","protected":false},"featured_media":1964,"template":"","meta":[],"product_brand":[],"product_cat":[33,28],"product_tag":[],"class_list":{"0":"post-1962","1":"product","2":"type-product","3":"status-publish","4":"has-post-thumbnail","6":"product_cat-pozostale","7":"product_cat-wyposazenie-magazynu","9":"first","10":"instock","11":"taxable","12":"shipping-taxable","13":"purchasable","14":"product-type-simple"},"jetpack_sharing_enabled":true,"_links":{"self":[{"href":"https:\/\/krsa.pl\/index.php?rest_route=\/wp\/v2\/product\/1962","targetHints":{"allow":["GET"]}}],"collection":[{"href":"https:\/\/krsa.pl\/index.php?rest_route=\/wp\/v2\/product"}],"about":[{"href":"https:\/\/krsa.pl\/index.php?rest_route=\/wp\/v2\/types\/product"}],"wp:featuredmedia":[{"embeddable":true,"href":"https:\/\/krsa.pl\/index.php?rest_route=\/wp\/v2\/media\/1964"}],"wp:attachment":[{"href":"https:\/\/krsa.pl\/index.php?rest_route=%2Fwp%2Fv2%2Fmedia&parent=1962"}],"wp:term":[{"taxonomy":"product_brand","embeddable":true,"href":"https:\/\/krsa.pl\/index.php?rest_route=%2Fwp%2Fv2%2Fproduct_brand&post=1962"},{"taxonomy":"product_cat","embeddable":true,"href":"https:\/\/krsa.pl\/index.php?rest_route=%2Fwp%2Fv2%2Fproduct_cat&post=1962"},{"taxonomy":"product_tag","embeddable":true,"href":"https:\/\/krsa.pl\/index.php?rest_route=%2Fwp%2Fv2%2Fproduct_tag&post=1962"}],"curies":[{"name":"wp","href":"https:\/\/api.w.org\/{rel}","templated":true}]}}