{"id":1980,"date":"2025-10-20T20:30:58","date_gmt":"2025-10-20T18:30:58","guid":{"rendered":"https:\/\/krsa.pl\/?post_type=product&#038;p=1980"},"modified":"2026-02-19T19:27:12","modified_gmt":"2026-02-19T18:27:12","slug":"pakiet-urzadzen-sieciowych-przetarg-17-09-2025-g-1430","status":"publish","type":"product","link":"https:\/\/krsa.pl\/?product=pakiet-urzadzen-sieciowych-przetarg-17-09-2025-g-1430","title":{"rendered":"Pakiet 550 urz\u0105dze\u0144 sieciowych PRZETARG 17-03-2026"},"content":{"rendered":"<p>Syndyk sprzeda z wolnej r\u0119ki w formie przetargu:<\/p>\n<p><a href=\"https:\/\/krsa.pl\/?p=2137\"><strong>Pakiet 550 sztuk urz\u0105dze\u0144 sieciowych za cen\u0119 nie ni\u017csz\u0105 ni\u017c 4.000 z\u0142 netto.<\/strong><\/a><\/p>\n<p>Szczeg\u00f3\u0142y: <a href=\"https:\/\/krsa.pl\/?p=2137\">Regulamin przetargu 550 sztuk urz\u0105dze\u0144 sieciowych 2026.3.17 godz.: 12:30<\/a><\/p>\n<p>Przetarg w dniu <strong>17.03.2026<\/strong> r. o godzinie 12:30 w Kancelarii Restrukturyzacyjnej Sp. z o.o., ul. Fabryczna 6, 53-609 Wroc\u0142aw. Wadium w kwocie 1.000 z\u0142 nale\u017cy wp\u0142aca\u0107 na rachunek: 06 1930 1190 2220 0274 6320 0001. Oferty oraz wadium nale\u017cy sk\u0142ada\u0107 do 16.03.2026 roku lub osobi\u015bcie na minimum 1 godzin\u0119 przed rozpocz\u0119ciem przetargu.<\/p>\n","protected":false},"excerpt":{"rendered":"<p>Syndyk sprzeda z wolnej r\u0119ki w formie przetargu: Pakiet 550 sztuk urz\u0105dze\u0144 sieciowych za cen\u0119 nie ni\u017csz\u0105 ni\u017c 4.000 z\u0142 netto. Szczeg\u00f3\u0142y: Regulamin przetargu 550 sztuk urz\u0105dze\u0144 sieciowych 2026.3.17 godz.: 12:30 Przetarg w dniu 17.03.2026 r. o godzinie 12:30 w Kancelarii Restrukturyzacyjnej Sp. z o.o., ul. Fabryczna 6, 53-609 Wroc\u0142aw. Wadium w kwocie 1.000 z\u0142 &hellip; <\/p>\n<p class=\"link-more\"><a href=\"https:\/\/krsa.pl\/?product=pakiet-urzadzen-sieciowych-przetarg-17-09-2025-g-1430\" class=\"more-link\">Czytaj dalej<span class=\"screen-reader-text\"> \u201ePakiet 550 urz\u0105dze\u0144 sieciowych PRZETARG 17-03-2026\u201d<\/span><\/a><\/p>\n","protected":false},"featured_media":2139,"template":"","meta":[],"product_brand":[],"product_cat":[22],"product_tag":[],"class_list":{"0":"post-1980","1":"product","2":"type-product","3":"status-publish","4":"has-post-thumbnail","6":"product_cat-elektronika","8":"first","9":"instock","10":"taxable","11":"shipping-taxable","12":"product-type-simple"},"jetpack_sharing_enabled":true,"_links":{"self":[{"href":"https:\/\/krsa.pl\/index.php?rest_route=\/wp\/v2\/product\/1980","targetHints":{"allow":["GET"]}}],"collection":[{"href":"https:\/\/krsa.pl\/index.php?rest_route=\/wp\/v2\/product"}],"about":[{"href":"https:\/\/krsa.pl\/index.php?rest_route=\/wp\/v2\/types\/product"}],"wp:featuredmedia":[{"embeddable":true,"href":"https:\/\/krsa.pl\/index.php?rest_route=\/wp\/v2\/media\/2139"}],"wp:attachment":[{"href":"https:\/\/krsa.pl\/index.php?rest_route=%2Fwp%2Fv2%2Fmedia&parent=1980"}],"wp:term":[{"taxonomy":"product_brand","embeddable":true,"href":"https:\/\/krsa.pl\/index.php?rest_route=%2Fwp%2Fv2%2Fproduct_brand&post=1980"},{"taxonomy":"product_cat","embeddable":true,"href":"https:\/\/krsa.pl\/index.php?rest_route=%2Fwp%2Fv2%2Fproduct_cat&post=1980"},{"taxonomy":"product_tag","embeddable":true,"href":"https:\/\/krsa.pl\/index.php?rest_route=%2Fwp%2Fv2%2Fproduct_tag&post=1980"}],"curies":[{"name":"wp","href":"https:\/\/api.w.org\/{rel}","templated":true}]}}